{"id":3340,"date":"2019-11-29T20:14:15","date_gmt":"2019-11-29T19:14:15","guid":{"rendered":"https:\/\/bioherbarium.com\/blog\/?page_id=3340"},"modified":"2021-05-02T20:24:04","modified_gmt":"2021-05-02T18:24:04","slug":"micronizado-dermo-calmante-rojeces","status":"publish","type":"page","link":"https:\/\/bioherbarium.com\/blog\/micronizado-dermo-calmante-rojeces\/","title":{"rendered":"Tratamiento natural de las rojeces de Dulkamara Bamboo"},"content":{"rendered":"<figure id=\"attachment_3342\" aria-describedby=\"caption-attachment-3342\" style=\"width: 1100px\" class=\"wp-caption aligncenter\"><a href=\"https:\/\/bioherbarium.com\/rojeces-brillos-acne\/micronizado-tratamiento-rojeces-cuperosis-50\"><img loading=\"lazy\" class=\"size-full wp-image-3342\" src=\"https:\/\/bioherbarium.com\/blog\/wp-content\/uploads\/2019\/11\/Micronizado-fotos-control-bajo-test-dermatol\u00f3gico.jpg\" alt=\"micronizado dermo-calmante\" width=\"1100\" height=\"1096\" srcset=\"https:\/\/bioherbarium.com\/blog\/wp-content\/uploads\/2019\/11\/Micronizado-fotos-control-bajo-test-dermatol\u00f3gico.jpg 1100w, https:\/\/bioherbarium.com\/blog\/wp-content\/uploads\/2019\/11\/Micronizado-fotos-control-bajo-test-dermatol\u00f3gico-150x150.jpg 150w, https:\/\/bioherbarium.com\/blog\/wp-content\/uploads\/2019\/11\/Micronizado-fotos-control-bajo-test-dermatol\u00f3gico-300x300.jpg 300w, https:\/\/bioherbarium.com\/blog\/wp-content\/uploads\/2019\/11\/Micronizado-fotos-control-bajo-test-dermatol\u00f3gico-768x765.jpg 768w, https:\/\/bioherbarium.com\/blog\/wp-content\/uploads\/2019\/11\/Micronizado-fotos-control-bajo-test-dermatol\u00f3gico-1024x1020.jpg 1024w\" sizes=\"(max-width: 1100px) 100vw, 1100px\" \/><\/a><figcaption id=\"caption-attachment-3342\" class=\"wp-caption-text\">Rojeces, cuperosis, ros\u00e1cea: \u00a1El Micronizado hace milagros!<\/figcaption><\/figure>\n<p>&nbsp;<\/p>\n<p>&nbsp;<\/p>\n<h2>MICRONIZADO DERMO-CALMANTE, EL NUEVO<\/h2>\n<p>Los que conoc\u00e9is <a href=\"https:\/\/bioherbarium.com\"><strong>Dulkamara Bamboo<\/strong> <\/a>ya sab\u00e9is de sus virtudes asombrosas: cambia las pieles con problemas, soluciona un importante n\u00famero de trastornos cut\u00e1neos y confiere a la piel una luminosidad espectacular.<\/p>\n<p><span style=\"font-size: large;\">El Micronizado es el nuevo \u201cproducto milagro\u201d de esta marca que tanto nos asombra. Es polvo de seda con una fragancia exquisita y una f\u00f3rmula \u00fanica que reduce las rojeces en un tiempo r\u00e9cord, que por supuesto puede ser combinado con el resto de productos que forman el <strong>tratamineto natural para la cuperosis<\/strong> de <strong>Dulkamara Bamboo<\/strong>.<br \/>\n<\/span><\/p>\n<p><span style=\"font-size: large;\">Se trata de un producto testado dermatol\u00f3gicamente que despu\u00e9s de ser sometido por Dulkamara a un laboratorio independiente para efectuar un test de uso y <strong>eficacia anti-rojeces,<\/strong> ha confirmado una excelente tolerancia cut\u00e1nea y un efecto anti-rojeces estad\u00edsticamente significativo. (Ver im\u00e1genes a continuaci\u00f3n tras 28 d\u00edas de uso).<\/span><\/p>\n<p><span style=\"font-size: large;\">Ofrece una combinaci\u00f3n perfecta de plantas nutritivas y depurativas que penetran de forma natural desde la epidermis. Los principios activos son absorbidos desde las estructuras cut\u00e1neas, mediante la circulaci\u00f3n sangu\u00ednea y a trav\u00e9s del estrato c\u00f3rneo y sus anejos, (gl\u00e1ndulas seb\u00e1ceas).<\/span><\/p>\n<p><span style=\"font-size: large;\">El <strong>Micronizado dermo-calmante,<\/strong> un producto 100 % natural, un polvo de gran pureza, que ofrece un acabado muy sedoso y exquisito aroma.<\/span><\/p>\n<p><span style=\"font-size: large;\">Su equilibrada acci\u00f3n cosm\u00e9tica depura, calma, alivia y suaviza la epidermis, mientras refresca la piel y favorece su regeneraci\u00f3n.&nbsp;La riqueza de su formulaci\u00f3n hace que este producto tenga la facultad de absorber, por un lado, las impurezas o restos de sustancias externas que fragilizan la funci\u00f3n de barrera y, por otro lado, sea gran ayuda para pieles finas y claras&nbsp; que enrojecen con facilidad.<\/span><\/p>\n<h2><\/h2>\n<h2>CADA INGREDIENTE TIENE SU FUNCI\u00d3N<\/h2>\n<ul>\n<li><span style=\"font-size: large;\">Almid\u00f3n de arroz: hipo-alerg\u00e9nico: gran poder calmante y suavizante. Sus peque\u00f1as part\u00edculas tambi\u00e9n tienen gran capacidad de absorci\u00f3n y no obstruyen el poro, permitiendo la respiraci\u00f3n natural de la piel. <\/span><\/li>\n<li><span style=\"font-size: large;\">Caol\u00edn: destaca por sus poderes absorbente, depurador de toxinas y calmante. Refresca y regenera la piel. <\/span><\/li>\n<li><span style=\"font-size: large;\">Cal\u00e9ndula: id\u00f3nea para pieles delicadas, potencia las propiedades calmantes.&nbsp; Aporta antioxidantes (flavonoides, carotenoides, licopeno) y muc\u00edlagos suavizantes. <\/span><\/li>\n<li><span style=\"font-size: large;\">Melisa: sus activos drenan y depuran los poros (\u00e1cido rosmar\u00ednico) y aporta clorofila con efectos reparadores. <\/span><\/li>\n<li><span style=\"font-size: large;\">Bamb\u00fa: estimula el drenaje de las impurezas de la piel y aporta oligoelementos, entre los que destaca el silicio, que fortalece y da elasticidad a los tejidos. <\/span><\/li>\n<li><span style=\"font-size: large;\">Los aceites esenciales que dan aroma a este producto, est\u00e1n indicados para el cuidado de las pieles reactivas. Tienen una acci\u00f3n emoliente, calmante y protectora, adem\u00e1s de mantener el equilibrio de la flora de la epidermis. <\/span><\/li>\n<\/ul>\n<h3><\/h3>\n<h3><span style=\"font-size: large;\">ROJECES FACIALES: \u00bfC\u00d3MO SE UTILIZA?<br \/>\n<\/span><\/h3>\n<p><span style=\"font-size: large;\">Para combatir las <strong>rojeces faciales<\/strong> con un cuidado completo de la piel, te proponemos un protocolo diario:<\/span><\/p>\n<ul>\n<li><span style=\"font-size: large;\">Por la ma\u00f1ana: pulverizar la Leche virginal bamb\u00fa, y una vez se seque en la piel, aplicar el Micronizado dermo-calmante con un pincel cosm\u00e9tico de pelo suave. <\/span><\/li>\n<li><span style=\"font-size: large;\">Despu\u00e9s, si te quieres aplicar una hidratante, la m\u00e1s adecuada ser\u00eda la Crema facial hidronutriente, o en el caso de que te guste maquillarte, utiliza la Crema complex color. <\/span><\/li>\n<li><span style=\"font-size: large;\">Tarde\/noche: Aplicar la Leche virginal bamb\u00fa con unas gotas del Aceite revitalizante sobre un disco de algod\u00f3n para desmaquillarte. Posteriormente, el Micronizado dermo-calmante y disfrutar\u00e1s de&nbsp;exquisito aroma relajante. <\/span><\/li>\n<\/ul>\n<p>&nbsp;<\/p>\n<h3>ACN\u00c9: \u00bfC\u00d3MO SE UTILIZA?<\/h3>\n<p>Recomendamos su aplicaci\u00f3n en pieles irritadas (de cualquier parte del cuerpo), con acn\u00e9 o con todo tipo de comedones, y tambi\u00e9n en aquellas pieles que presentan marcas o huellas de acn\u00e9 o varicela.&nbsp; Espolvorear por la noche y dejarlo actuar hasta el d\u00eda siguiente. Por la ma\u00f1ana limpiarse con Leche Virginal y dejar actuar este \u00faltimo producto.<\/p>\n<p><strong>&nbsp;<\/strong><\/p>\n<h3><\/h3>\n<h3>EL MICRONIZADO, \u00bfSE PUEDE USAR SOLO?<\/h3>\n<p><span style=\"font-size: large;\">El Micronizado dermo-calmante tambi\u00e9n se puede utilizar de forma individual, sin tener la necesidad de utilizar otro producto cosm\u00e9tico nuestro, pero siempre ser\u00e1 con la piel limpia, y preferiblemente por la noche. Se puede aplicar en cualquier parte del cuerpo y tiene usos muy interesantes adem\u00e1s del que hemos comentado: El poder multifunci\u00f3n de Dulkamara Bamboo nos sorprende una vez m\u00e1s.<\/span><\/p>\n","protected":false},"excerpt":{"rendered":"<p>&nbsp; &nbsp; MICRONIZADO DERMO-CALMANTE, EL NUEVO Los que conoc\u00e9is Dulkamara Bamboo ya sab\u00e9is de sus virtudes asombrosas: cambia las pieles con problemas, soluciona un importante n\u00famero de trastornos cut\u00e1neos y confiere a la piel una luminosidad espectacular. El Micronizado es el nuevo \u201cproducto milagro\u201d de esta marca que tanto nos asombra. Es polvo de seda&hellip; <a class=\"more-link\" href=\"https:\/\/bioherbarium.com\/blog\/micronizado-dermo-calmante-rojeces\/\">Seguir leyendo <span class=\"screen-reader-text\">Tratamiento natural de las rojeces de Dulkamara Bamboo<\/span><\/a><\/p>\n","protected":false},"author":1,"featured_media":0,"parent":0,"menu_order":0,"comment_status":"closed","ping_status":"closed","template":"","meta":[],"_links":{"self":[{"href":"https:\/\/bioherbarium.com\/blog\/wp-json\/wp\/v2\/pages\/3340"}],"collection":[{"href":"https:\/\/bioherbarium.com\/blog\/wp-json\/wp\/v2\/pages"}],"about":[{"href":"https:\/\/bioherbarium.com\/blog\/wp-json\/wp\/v2\/types\/page"}],"author":[{"embeddable":true,"href":"https:\/\/bioherbarium.com\/blog\/wp-json\/wp\/v2\/users\/1"}],"replies":[{"embeddable":true,"href":"https:\/\/bioherbarium.com\/blog\/wp-json\/wp\/v2\/comments?post=3340"}],"version-history":[{"count":6,"href":"https:\/\/bioherbarium.com\/blog\/wp-json\/wp\/v2\/pages\/3340\/revisions"}],"predecessor-version":[{"id":3586,"href":"https:\/\/bioherbarium.com\/blog\/wp-json\/wp\/v2\/pages\/3340\/revisions\/3586"}],"wp:attachment":[{"href":"https:\/\/bioherbarium.com\/blog\/wp-json\/wp\/v2\/media?parent=3340"}],"curies":[{"name":"wp","href":"https:\/\/api.w.org\/{rel}","templated":true}]}}